{"id":1531,"date":"2024-03-14T16:25:55","date_gmt":"2024-03-14T16:25:55","guid":{"rendered":"https:\/\/imn.co.rs\/?page_id=1531"},"modified":"2024-03-14T16:25:55","modified_gmt":"2024-03-14T16:25:55","slug":"saint-sava-academy-celebration-2006-2007","status":"publish","type":"page","link":"https:\/\/imn.co.rs\/?page_id=1531","title":{"rendered":"SAINT SAVA ACADEMY CELEBRATION (2006 &#8211; 2007)"},"content":{"rendered":"\n<h2 class=\"wp-block-heading\" style=\"text-transform:uppercase\">SAINT SAVA ACADEMY CELEBRATION (2006 &#8211; 2007)<\/h2>\n\n\n<div class=\"wp-block-image\">\n<figure class=\"aligncenter size-large is-resized\"><img loading=\"lazy\" decoding=\"async\" width=\"721\" height=\"1024\" src=\"https:\/\/imn.co.rs\/wp-content\/uploads\/2024\/03\/sveti-sava-721x1024.jpg\" alt=\"\" class=\"wp-image-1534\" style=\"width:517px;height:auto\" srcset=\"https:\/\/imn.co.rs\/wp-content\/uploads\/2024\/03\/sveti-sava-721x1024.jpg 721w, https:\/\/imn.co.rs\/wp-content\/uploads\/2024\/03\/sveti-sava-211x300.jpg 211w, https:\/\/imn.co.rs\/wp-content\/uploads\/2024\/03\/sveti-sava-768x1091.jpg 768w, https:\/\/imn.co.rs\/wp-content\/uploads\/2024\/03\/sveti-sava-1081x1536.jpg 1081w, https:\/\/imn.co.rs\/wp-content\/uploads\/2024\/03\/sveti-sava.jpg 1351w\" sizes=\"auto, (max-width: 721px) 100vw, 721px\" \/><\/figure>\n<\/div>\n\n\n<p><\/p>\n\n\n\n<p><br><strong>Original title: Proslava svetosavske akademije 2007.<\/strong><\/p>\n\n\n\n<p><\/p>\n\n\n\n<p>Production by: IntermediaNetwork (Serbia), Media Net<br>Director: Kokan Mladenovi\u0107<br>Screenplay: Kokan Mladenovi\u0107 and Slobodan Vuksanovi\u0107, Ph.D.<br>Production Design: Geroslav Zari\u0107<br>Composer: Zoran Hristi\u0107<br>Sound: Slobodan Markovi\u0107<br>Costume Design: Bojana Nikitovi\u0107<br>Technical realization: MTS<br>Broadcasting date: January 21st, 2007<br>Venue: Sava Center Congress Hall, Belgrade<br>Performers: Belgrade Philharmonic Orchestra, Sanja Ili\u0107 &amp; Balkanika,<br>Teodora Bojovi\u0107, Pavle Aksentijevic and \u201cBiber\u201d band, \u201eVroom\u201c band, Sla\u0111ana Milo\u0161evi\u0107<br>Choirs: academic choir \u201cObili\u0107\u201c, conductor: Darinka Mati\u0107 Marovi\u0107<br>and children\u2019s choir \u201c\u010carolija\u201c, conductor: Leontina Vukomanovi\u0107<br>Celebration hosts: Marko \u017divi\u0107 and Ivana Popovi\u0107<\/p>\n\n\n<div class=\"wp-block-image\">\n<figure class=\"aligncenter size-large is-resized\"><img loading=\"lazy\" decoding=\"async\" width=\"1024\" height=\"497\" src=\"https:\/\/imn.co.rs\/wp-content\/uploads\/2024\/03\/IMG_2695_resize-1024x497.jpg\" alt=\"\" class=\"wp-image-1532\" style=\"width:570px\" srcset=\"https:\/\/imn.co.rs\/wp-content\/uploads\/2024\/03\/IMG_2695_resize-1024x497.jpg 1024w, https:\/\/imn.co.rs\/wp-content\/uploads\/2024\/03\/IMG_2695_resize-300x145.jpg 300w, https:\/\/imn.co.rs\/wp-content\/uploads\/2024\/03\/IMG_2695_resize-768x372.jpg 768w, https:\/\/imn.co.rs\/wp-content\/uploads\/2024\/03\/IMG_2695_resize-1536x745.jpg 1536w, https:\/\/imn.co.rs\/wp-content\/uploads\/2024\/03\/IMG_2695_resize.jpg 1920w\" sizes=\"auto, (max-width: 1024px) 100vw, 1024px\" \/><\/figure>\n<\/div>\n\n\n<p><\/p>\n\n\n\n<p><strong>Original title: Proslava svetosavske akademije 2006.<\/strong><\/p>\n\n\n\n<p>Production by: IntermediaNetwork (Serbia), MTS<br>Director: Kokan Mladenovi\u0107<br>Screenplay: Kokan Mladenovi\u0107<br>Production Design: Geroslav Zari\u0107<br>Composer: Zoran Hristi\u0107<br>Sound: Slobodan Markovi\u0107<br>Costume Design: Bojana Nikitovi\u0107<br>Technical realization: MTS<br>Broadcasting date: January 21st, 2006<br>Venue: Sava Center Congress Hall, Belgrade<br>Broadcast: Channel 2, Serbian National Television &#8211; Live<br>Performers: Sla\u0111ana Milo\u0161evi\u0107 and band, Divna Ljubojevi\u0107, the band \u201eVroom\u201c(headed by Marko Grubi\u0107), Pavle Aksentijevi\u0107 and \u201cZapis\u201d band, Nikola Had\u017ei Nikoli\u0107 and the band \u201cNegativ\u201d and KUD Krsmanac, the band \u201cIzvor\u201d and young singer Sonja \u010coko<br>Choirs: \u201cRadio Beograd\u201d, \u201cLola\u201d, \u201c\u0160panac\u201d<br>Celebration hosts: Kalina Kova\u010devi\u0107 and Nenad Jezdi\u0107<br>Special Guests: young actors Petar Bani\u010devi\u0107, Jovana Milovanovi\u0107, Vojislav Risti\u0107<br>and Lazar Milo\u0161evi\u0107<\/p>\n\n\n<div class=\"wp-block-image\">\n<figure class=\"aligncenter size-large is-resized\"><img loading=\"lazy\" decoding=\"async\" width=\"1024\" height=\"573\" src=\"https:\/\/imn.co.rs\/wp-content\/uploads\/2024\/03\/IMG_2808_resize-1024x573.jpg\" alt=\"\" class=\"wp-image-1533\" style=\"width:570px\" srcset=\"https:\/\/imn.co.rs\/wp-content\/uploads\/2024\/03\/IMG_2808_resize-1024x573.jpg 1024w, https:\/\/imn.co.rs\/wp-content\/uploads\/2024\/03\/IMG_2808_resize-300x168.jpg 300w, https:\/\/imn.co.rs\/wp-content\/uploads\/2024\/03\/IMG_2808_resize-768x430.jpg 768w, https:\/\/imn.co.rs\/wp-content\/uploads\/2024\/03\/IMG_2808_resize-1536x860.jpg 1536w, https:\/\/imn.co.rs\/wp-content\/uploads\/2024\/03\/IMG_2808_resize.jpg 1920w\" sizes=\"auto, (max-width: 1024px) 100vw, 1024px\" \/><\/figure>\n<\/div>","protected":false},"excerpt":{"rendered":"<p>SAINT SAVA ACADEMY CELEBRATION (2006 &#8211; 2007) Original title: Proslava svetosavske akademije 2007. Production by: IntermediaNetwork (Serbia), Media NetDirector: Kokan Mladenovi\u0107Screenplay: Kokan Mladenovi\u0107 and Slobodan Vuksanovi\u0107, Ph.D.Production Design: Geroslav Zari\u0107Composer: Zoran Hristi\u0107Sound: Slobodan Markovi\u0107Costume Design: Bojana Nikitovi\u0107Technical realization: MTSBroadcasting date: January 21st, 2007Venue: Sava Center Congress Hall, BelgradePerformers: Belgrade Philharmonic&#8230;<\/p>\n","protected":false},"author":1,"featured_media":0,"parent":0,"menu_order":0,"comment_status":"closed","ping_status":"closed","template":"","meta":{"footnotes":""},"class_list":["post-1531","page","type-page","status-publish","hentry"],"_links":{"self":[{"href":"https:\/\/imn.co.rs\/index.php?rest_route=\/wp\/v2\/pages\/1531","targetHints":{"allow":["GET"]}}],"collection":[{"href":"https:\/\/imn.co.rs\/index.php?rest_route=\/wp\/v2\/pages"}],"about":[{"href":"https:\/\/imn.co.rs\/index.php?rest_route=\/wp\/v2\/types\/page"}],"author":[{"embeddable":true,"href":"https:\/\/imn.co.rs\/index.php?rest_route=\/wp\/v2\/users\/1"}],"replies":[{"embeddable":true,"href":"https:\/\/imn.co.rs\/index.php?rest_route=%2Fwp%2Fv2%2Fcomments&post=1531"}],"version-history":[{"count":1,"href":"https:\/\/imn.co.rs\/index.php?rest_route=\/wp\/v2\/pages\/1531\/revisions"}],"predecessor-version":[{"id":1535,"href":"https:\/\/imn.co.rs\/index.php?rest_route=\/wp\/v2\/pages\/1531\/revisions\/1535"}],"wp:attachment":[{"href":"https:\/\/imn.co.rs\/index.php?rest_route=%2Fwp%2Fv2%2Fmedia&parent=1531"}],"curies":[{"name":"wp","href":"https:\/\/api.w.org\/{rel}","templated":true}]}}